 Suppose 2*q = -0*q + 126. Calculate the highest common divisor of w and q.
9
Suppose -2*o - 3*s + 156 = 0, 6*o = 2*o + 3*s + 294. Calculate the highest common divisor of o and 60.
15
Let q = 5 + 94. Suppose -2*x - 3*d + 21 = x, 5*d - 10 = 0. Suppose 2*i - 13 = x. What is the highest common divisor of q and i?
9
Let t(h) = 2*h**2. Let q = 7 - 1. Let v be t(q). Let u be (0/(-2))/2 - -9. Calculate the highest common divisor of u and v.
9
Let o be ((-15)/(-10))/(3/(-4)). Let h be o + 2 + (-4)/(-2). What is the greatest common divisor of h and 16?
2
Suppose -5*t + 26 = f, 4*f + 21 - 102 = 3*t. Calculate the greatest common divisor of 189 and f.
21
Let q = 118 - 101. Calculate the highest common factor of 187 and q.
17
Let p = 412 - 188. Calculate the highest common factor of p and 32.
32
Let r = 65 - 17. What is the highest common divisor of r and 12?
12
Suppose -24 = -2*b + 2*w, 2*b = 5*b - 2*w - 34. Calculate the highest common divisor of b and 70.
10
Let q(z) = -7*z + 2. Let h be q(-2). Let l = -604 - -872. Suppose 84 = 2*n - l. Calculate the greatest common factor of h and n.
16
Suppose 5 = -d - 4*f - 2, 0 = -2*d - 3*f + 1. What is the highest common divisor of d and 15?
5
Let f(u) = 31*u - 4. Let l be (11 - 10)/(2/18). Let j be f(l). Calculate the highest common divisor of j and 25.
25
Suppose 0*f + 20 = 4*f. Let c(b) = -b + 2*b - 3 + 0*b. Let a be c(f). What is the greatest common factor of 2 and a?
2
Let w be (5/(15/4))/(2/27). Calculate the greatest common factor of w and 9.
9
Let z = 18 - 15. Suppose z*j + j = 108. What is the greatest common divisor of 27 and j?
27
Let q(h) = h**3 + 7*h**2 + 9*h - 10. Let a be q(-7). Let r = a - -43. Let k = -12 - r. Calculate the highest common factor of 2 and k.
2
Let f(p) = 3*p - 14. Let m be (10/8)/(4/16). Let k be f(m). Let i be (-14)/(-6) + 2/(-6). What is the greatest common factor of k and i?
1
Let c = 5 - -7. Let q be ((-3)/2)/(2/c). Let b be 186/9 + (-3)/q. What is the greatest common divisor of 105 and b?
21
Let s = -59 - -92. What is the greatest common divisor of s and 22?
11
Suppose 4*d + 0 = 12. Suppose 2*a - d = 1. Suppose 243 = a*z + 3*z - 3*v, 0 = z - v - 47. Calculate the greatest common divisor of z and 17.
17
Let d(q) = q + 18. Let w(n) = n**2 + 8*n + 7. Let h be w(-5). Let j be d(h). What is the highest common factor of 5 and j?
5
Let a be -2*(-2 - 14/4). Let b = -17 + 3. Let q be (-8)/(-28) + (-612)/b. Calculate the highest common divisor of q and a.
11
Let c(w) = w**2 + 2*w - 2. Let a be c(-5). Let h = 1 + a. What is the highest common divisor of 14 and h?
14
Suppose -351 = -7*w + 4*w. What is the highest common factor of 13 and w?
13
Suppose 25*m = 4*m + 4389. Let o = -28 - -47. Calculate the highest common divisor of m and o.
19
Suppose 4*v - 65 = -5*i, -5*v + i = 5 - 50. Calculate the greatest common divisor of v and 10.
10
Let h be (-12)/30 + (-227)/(-5). Suppose 6*x - 4*x = 30. What is the highest common divisor of h and x?
15
Let r(o) = 37*o - 11. Let i be r(2). What is the highest common factor of 21 and i?
21
Let r(g) be the second derivative of -g**5/20 - 7*g**4/12 - 7*g**3/6 - 2*g**2 - 3*g. Let t be r(-6). What is the greatest common factor of 10 and t?
2
Suppose 2*a - 5 = 3*a, -2*k + 3*a + 23 = 0. Suppose u - 4*u - 13 = -h, k*u = h - 16. Calculate the greatest common factor of 4 and h.
4
Let x(c) = -5*c**3 + 2*c**2 - c - 2. Let h = -9 + 7. Let m be x(h). Calculate the greatest common factor of m and 12.
12
Let p be (3*(-6)/9)/(8/(-12)). What is the highest common divisor of 33 and p?
3
Suppose -4*a = -2*m - 6, 3*m + m + 3*a = 43. Calculate the highest common factor of m and 56.
7
Let p(o) = -o - 3. Let f be p(-3). Suppose f = 5*s - 0*w - w - 55, 15 = 2*s + w. Calculate the highest common factor of 20 and s.
10
Suppose 4*k = -10 - 2. Let u(b) = b + 4. Let r be u(k). Calculate the highest common factor of r and 2.
1
Suppose -4*p + 134 = -90. Let j(k) = -4*k - 4. Let o be j(-3). Calculate the highest common factor of p and o.
8
Let j = -6 - -20. Calculate the greatest common divisor of j and 112.
14
Suppose 5*x - 34 = 3*x. Let k = x - 6. What is the highest common divisor of 22 and k?
11
Suppose 5*h - s = 70, 56 = 4*h + 2*s - s. Let l = h + -6. What is the greatest common divisor of l and 2?
2
Suppose -60 = -0*h - 6*h. Suppose -11*w + h*w + 75 = 0. What is the greatest common factor of 30 and w?
15
Let g be (-4)/(-6) + -3 + 244/12. What is the highest common factor of g and 2?
2
Let q = -16 - -24. Let k be 591/5 - q/(-10). Calculate the greatest common factor of 17 and k.
17
Suppose -2*h + 3*h - 4*y = 12, h + y - 32 = 0. Calculate the highest common factor of 84 and h.
28
Let k = -86 - -97. Calculate the greatest common divisor of 22 and k.
11
Let f = -121 - -133. Suppose -3*n + 15 = -0. Suppose n*g = g + 24. What is the highest common factor of f and g?
6
Let g(d) = d**3 - d**2 + d + 2. Let k be g(2). Suppose a + k = 3*a. Suppose -4 = -a*n - 0*n, 2*y = 4*n - 2. What is the greatest common divisor of 1 and y?
1
Suppose 0*a = 3*a. Suppose -4*l - 5 - 3 = a. Let n be (4/(-5))/(l/50). Calculate the highest common divisor of n and 80.
20
Let h = 1 + 0. Let m = 2 + h. Suppose -30 = -4*f + 18. Calculate the greatest common factor of m and f.
3
Let v(j) = j**3 + 2*j**2 - 4*j - 1. Let m be v(3). Let b(o) = 6*o**2 - 3*o + 3. Let z be b(3). What is the greatest common divisor of z and m?
16
Suppose -85 - 3 = -2*j. Suppose -17*d + 66 = -14*d. Calculate the greatest common factor of d and j.
22
Suppose 4*m + s - 224 - 124 = 0, -8 = 2*s. Calculate the highest common divisor of m and 22.
22
Let f(l) = l - 3. Let s(j) = 4*j - 9. Let w(u) = 7*f(u) - 2*s(u). Let z be w(-5). Suppose z*n - 8 - 152 = 0. What is the greatest common factor of 10 and n?
10
Suppose -5*s = -u - 198, 5*s + 2*u - 186 = -u. Let p = -23 + s. Suppose 3*r - 94 = 26. Calculate the greatest common factor of r and p.
8
Suppose -6 = -3*j, 3*h + 2*j - 36 = -h. What is the highest common factor of h and 64?
8
Let n(w) = w**3 + 7*w**2 + 7*w + 7. Let a be n(-6). Let j = a + -5. Let u = j - -9. Calculate the highest common factor of u and 2.
1
Let o(b) = -b**2 - 4*b + 4. Let i be o(-4). Let d be 1*3*12/9. Let s be 4/((2 - 0)/d). What is the highest common divisor of i and s?
4
Let k be (-7)/(7/(-48)) - 3. Suppose 0 = 3*q + 3*a - 2*a - k, 83 = 5*q - a. Calculate the greatest common factor of q and 112.
16
Let k(x) = x**2 + 7*x + 2. Let z be k(-5). Let n = 16 + z. Suppose -l = s - 6, 5*s - 2*s = 4*l + 11. What is the highest common divisor of l and n?
1
Let q(h) = h**3 - 7*h**2 + 7*h - 10. Let o be q(7). Suppose 4*x - o = -3*w - x, -5*w + 43 = x. What is the highest common factor of w and 24?
8
Let m(l) = 42*l**2 + l - 1. Let r be m(1). Calculate the highest common divisor of 63 and r.
21
Suppose 4*k = 8 + 84. Let f be 2 + -1 + (k - 2). Calculate the highest common divisor of f and 2.
2
Let a(f) = -7*f. Let q be a(-2). What is the greatest common divisor of 70 and q?
14
Suppose -5*d = 10, 3*b - 3*d + 1 = d. Let v = b - -13. Suppose -5*c + 3*c = -40. What is the highest common factor of c and v?
10
Let u = 34 - 16. What is the greatest common divisor of 36 and u?
18
Let c = 12 - 3. Calculate the highest common factor of c and 9.
9
Let i be 67 + (-4)/(-8)*4. What is the highest common factor of 23 and i?
23
Let c be 3/1 - (-2)/(-2). Suppose c*n - 176 = -0*n. Calculate the greatest common divisor of n and 8.
8
Let p = -178 + 322. Let s = p + -12. Suppose -2*h + 39 = -3*g, h + 6*g + 8 = 2*g. Calculate the greatest common divisor of h and s.
12
Let j be (-2 + 1)*1 + (-3440)/(-20). Calculate the highest common factor of j and 19.
19
Let a = 5 - -9. What is the greatest common factor of 35 and a?
7
Let a be 29 - (2 + -3)*2. What is the highest common factor of 248 and a?
31
Suppose 5*q - 2*n = 64, 0 = -6*q + 2*q - 2*n + 62. What is the highest common factor of 98 and q?
14
Let g = 31 - 5. Let x = -15 + 4. Let j = x + 24. Calculate the greatest common divisor of j and g.
13
Suppose -4 = -3*r + 2. Suppose 2*u = -r*k + 22, 0 = 2*k - 0*u + 4*u - 26. What is the highest common divisor of 6 and k?
3
Suppose -5*p + 4*n - 3*n = -23, -3*n = 9. Suppose -4*w - p*k + 208 = -k, -3*w = -k - 143. What is the highest common factor of w and 7?
7
Supp